{"id":104,"date":"2022-03-15T17:10:43","date_gmt":"2022-03-15T16:10:43","guid":{"rendered":"https:\/\/nordiconeiptv.com\/?page_id=104"},"modified":"2025-06-20T08:17:57","modified_gmt":"2025-06-20T06:17:57","slug":"kontakta-oss","status":"publish","type":"page","link":"https:\/\/nordiconeiptv.com\/index.php\/kontakta-oss\/","title":{"rendered":"Kontakta oss!"},"content":{"rendered":"\n<figure class=\"wp-block-image size-large\"><img loading=\"lazy\" decoding=\"async\" width=\"576\" height=\"1024\" src=\"https:\/\/nordiconeiptv.com\/wp-content\/uploads\/2025\/06\/shared_qr_code-576x1024.png\" alt=\"\" class=\"wp-image-6792\" srcset=\"https:\/\/nordiconeiptv.com\/wp-content\/uploads\/2025\/06\/shared_qr_code-576x1024.png 576w, https:\/\/nordiconeiptv.com\/wp-content\/uploads\/2025\/06\/shared_qr_code-169x300.png 169w, https:\/\/nordiconeiptv.com\/wp-content\/uploads\/2025\/06\/shared_qr_code-768x1365.png 768w, https:\/\/nordiconeiptv.com\/wp-content\/uploads\/2025\/06\/shared_qr_code-864x1536.png 864w, https:\/\/nordiconeiptv.com\/wp-content\/uploads\/2025\/06\/shared_qr_code-600x1067.png 600w, https:\/\/nordiconeiptv.com\/wp-content\/uploads\/2025\/06\/shared_qr_code.png 1080w\" sizes=\"auto, (max-width: 576px) 100vw, 576px\" \/><\/figure>\n\n\n\n<p>Kontakta oss via Whatsapp<\/p>\n\n\n\n<p>Scanna denna barcode f\u00f6r att l\u00e4gga till oss p\u00e5 Whatsapp<\/p>\n\n\n\n<p><\/p>\n\n\n\n<p>Eller skicka epost: nordiconeiptv.com@gmail.com<\/p>\n\n\n\n<p><\/p>\n","protected":false},"excerpt":{"rendered":"<p>Kontakta oss via Whatsapp Scanna denna barcode f\u00f6r att l\u00e4gga till oss p\u00e5 Whatsapp Eller skicka epost: nordiconeiptv.com@gmail.com<\/p>\n","protected":false},"author":1,"featured_media":0,"parent":0,"menu_order":0,"comment_status":"closed","ping_status":"closed","template":"","meta":{"footnotes":""},"class_list":["post-104","page","type-page","status-publish","hentry"],"jetpack_sharing_enabled":true,"_links":{"self":[{"href":"https:\/\/nordiconeiptv.com\/index.php\/wp-json\/wp\/v2\/pages\/104","targetHints":{"allow":["GET"]}}],"collection":[{"href":"https:\/\/nordiconeiptv.com\/index.php\/wp-json\/wp\/v2\/pages"}],"about":[{"href":"https:\/\/nordiconeiptv.com\/index.php\/wp-json\/wp\/v2\/types\/page"}],"author":[{"embeddable":true,"href":"https:\/\/nordiconeiptv.com\/index.php\/wp-json\/wp\/v2\/users\/1"}],"replies":[{"embeddable":true,"href":"https:\/\/nordiconeiptv.com\/index.php\/wp-json\/wp\/v2\/comments?post=104"}],"version-history":[{"count":6,"href":"https:\/\/nordiconeiptv.com\/index.php\/wp-json\/wp\/v2\/pages\/104\/revisions"}],"predecessor-version":[{"id":6793,"href":"https:\/\/nordiconeiptv.com\/index.php\/wp-json\/wp\/v2\/pages\/104\/revisions\/6793"}],"wp:attachment":[{"href":"https:\/\/nordiconeiptv.com\/index.php\/wp-json\/wp\/v2\/media?parent=104"}],"curies":[{"name":"wp","href":"https:\/\/api.w.org\/{rel}","templated":true}]}}