{"id":79,"date":"2022-03-15T12:04:15","date_gmt":"2022-03-15T11:04:15","guid":{"rendered":"https:\/\/nordiconeiptv.com\/?post_type=product&#038;p=79"},"modified":"2024-07-02T13:07:52","modified_gmt":"2024-07-02T11:07:52","slug":"tvip-s-605-box-med-4k-stod","status":"publish","type":"product","link":"https:\/\/nordiconeiptv.com\/index.php\/produkt\/tvip-s-605-box-med-4k-stod\/","title":{"rendered":"TVIP S-Box 605 med HD och 4K och med 5GHz Wifi F\u00f6rmodligen den b\u00e4sta boxen p\u00e5 marknaden"},"content":{"rendered":"<p><img loading=\"lazy\" decoding=\"async\" class=\"alignnone size-medium wp-image-80\" src=\"http:\/\/nordiconeiptv.com\/wp-content\/uploads\/2022\/03\/noordiconeiptv-tvip605-300x203.webp\" alt=\"\" width=\"300\" height=\"203\" srcset=\"https:\/\/nordiconeiptv.com\/wp-content\/uploads\/2022\/03\/noordiconeiptv-tvip605-300x203.webp 300w, https:\/\/nordiconeiptv.com\/wp-content\/uploads\/2022\/03\/noordiconeiptv-tvip605-768x519.webp 768w, https:\/\/nordiconeiptv.com\/wp-content\/uploads\/2022\/03\/noordiconeiptv-tvip605-600x406.webp 600w, https:\/\/nordiconeiptv.com\/wp-content\/uploads\/2022\/03\/noordiconeiptv-tvip605.webp 1000w\" sizes=\"auto, (max-width: 300px) 100vw, 300px\" \/><\/p>\n<p>F\u00f6rmodligen den b\u00e4sta boxen p\u00e5 marknaden vad g\u00e4ller anv\u00e4ndarv\u00e4nlighet och stabilitet plus att den har st\u00f6d f\u00f6r alla format i v\u00e5rat system.<\/p>\n<p>TVIP S-Box 605 TVIP 605 4K &#8211; Dual wifi s-box IPTV 4K HEVC HD Android o Linux 6.0 Multimedia Stalker<br \/>\nStreamer tv box Mottagaren \u00e4r en nyutveckling av TVIP -Dual wifi \u00e4r en nyhet!<br \/>\nTVIP 605 4K kombinerar tekniska m\u00f6jligheter maximalt,med integrerat WLAN.<br \/>\nDual wifi Inneb\u00e4r att man kan anv\u00e4nda 2 frekvensband, och belastningen blir l\u00e4gre p\u00e5 banden!<br \/>\nDenna produkt uppfyller alla bredbandskrav som tillhandah\u00e5lls av leverant\u00f6ren.<br \/>\nTVIP S-Box v.605-konsolen uppfyller alla moderna krav p\u00e5 en multimedieenhet, inklusive support f\u00f6r streaming media, video on demand (VoD), h\u00f6gkvalitativa digitala kanaler, tillg\u00e5ng till OTT-inneh\u00e5ll (YouTube, Picasa, onlinebiograf, v\u00e4derprognos, sociala n\u00e4tverk och andra) och \u00e4ven en webbl\u00e4sar<\/p>\n<p>Chipset Amlogic S905X quad core 2 GHz<br \/>\nVideo resolution 3840&#215;2160 (HDR)<br \/>\n3D Graphics OpenGL ES 2.0 (Mali-450 penta core)<br \/>\nMemory RAM 1 Gb, Flash 8 Gb<br \/>\nInterfaces HDMI, AV, Ethernet, 2xUSB, MicroSD Card, ext.IR, WiFi 802.11 (b\/g\/n\/ac) 2,4\/5 GHz<br \/>\nOperating system Linux or Android 6.0 (Marshmallow)<br \/>\nSupported Middleware TVIP, IPTVPORTAL, Stalker, HTML5\/JS portals<br \/>\nRemote provisioning TR-069 or TVIP XML<br \/>\nContainers MPEG-TS, MPEG-PS, MP4, MKV, AVI, MOV, FLV, OGG<br \/>\nProtocols UDP, RTP, HTTP, HLS, RTSP, SMB, NFS<br \/>\nCAS\/DRM TVIP, IPTVPORTAL, BISS, Widevine \u0438 Verimatrix 3.x &#8211; optional<br \/>\nVideo codecs H.265(10 bit), VP9, H.264,MPEG4 ASP, Xvid, MPEG2, MJPEG 2160p 60fps<br \/>\nAudio codecs MPEG\/MP3\/MPA, AAC, WMA, OGG, WAV, FLAC, APE<br \/>\nSubtitles DVBSUB, VOBSUB, Teletext, SSA\/ASS, SubRip<br \/>\nImages JPEG, PNG<\/p>\n","protected":false},"excerpt":{"rendered":"<p>F\u00f6rmodligen den b\u00e4sta boxen p\u00e5 marknaden vad g\u00e4ller anv\u00e4ndarv\u00e4nlighet och stabilitet plus att den har st\u00f6d f\u00f6r alla format i v\u00e5rat system. TVIP S-Box 605 TVIP 605 4K &#8211; Dual wifi s-box IPTV 4K HEVC HD Android o Linux 6.0 Multimedia Stalker Streamer tv box Mottagaren \u00e4r en nyutveckling av TVIP -Dual wifi \u00e4r en [&hellip;]<\/p>\n","protected":false},"featured_media":80,"comment_status":"open","ping_status":"closed","template":"","meta":[],"product_brand":[],"product_cat":[15],"product_tag":[],"class_list":{"0":"post-79","1":"product","2":"type-product","3":"status-publish","4":"has-post-thumbnail","6":"product_cat-okategoriserad","8":"first","9":"instock","10":"sale","11":"shipping-taxable","12":"purchasable","13":"product-type-simple"},"jetpack_sharing_enabled":true,"_links":{"self":[{"href":"https:\/\/nordiconeiptv.com\/index.php\/wp-json\/wp\/v2\/product\/79","targetHints":{"allow":["GET"]}}],"collection":[{"href":"https:\/\/nordiconeiptv.com\/index.php\/wp-json\/wp\/v2\/product"}],"about":[{"href":"https:\/\/nordiconeiptv.com\/index.php\/wp-json\/wp\/v2\/types\/product"}],"replies":[{"embeddable":true,"href":"https:\/\/nordiconeiptv.com\/index.php\/wp-json\/wp\/v2\/comments?post=79"}],"wp:featuredmedia":[{"embeddable":true,"href":"https:\/\/nordiconeiptv.com\/index.php\/wp-json\/wp\/v2\/media\/80"}],"wp:attachment":[{"href":"https:\/\/nordiconeiptv.com\/index.php\/wp-json\/wp\/v2\/media?parent=79"}],"wp:term":[{"taxonomy":"product_brand","embeddable":true,"href":"https:\/\/nordiconeiptv.com\/index.php\/wp-json\/wp\/v2\/product_brand?post=79"},{"taxonomy":"product_cat","embeddable":true,"href":"https:\/\/nordiconeiptv.com\/index.php\/wp-json\/wp\/v2\/product_cat?post=79"},{"taxonomy":"product_tag","embeddable":true,"href":"https:\/\/nordiconeiptv.com\/index.php\/wp-json\/wp\/v2\/product_tag?post=79"}],"curies":[{"name":"wp","href":"https:\/\/api.w.org\/{rel}","templated":true}]}}